re the prime factors of 4392?
2, 3, 61
What are the prime factors of 6296?
2, 787
List the prime factors of 7354.
2, 3677
What are the prime factors of 1755?
3, 5, 13
List the prime factors of 394.
2, 197
What are the prime factors of 192?
2, 3
What are the prime factors of 575?
5, 23
List the prime factors of 7995.
3, 5, 13, 41
List the prime factors of 85710.
2, 3, 5, 2857
List the prime factors of 37163.
7, 5309
What are the prime factors of 3355?
5, 11, 61
What are the prime factors of 263?
263
List the prime factors of 14145.
3, 5, 23, 41
List the prime factors of 2369.
23, 103
What are the prime factors of 381?
3, 127
What are the prime factors of 4073?
4073
List the prime factors of 200651.
11, 17, 29, 37
List the prime factors of 88283.
13, 6791
What are the prime factors of 7301?
7, 149
List the prime factors of 8602.
2, 11, 17, 23
What are the prime factors of 18866?
2, 9433
List the prime factors of 1244.
2, 311
List the prime factors of 6070.
2, 5, 607
List the prime factors of 43987.
43987
What are the prime factors of 25789?
17, 37, 41
What are the prime factors of 831?
3, 277
What are the prime factors of 70?
2, 5, 7
What are the prime factors of 165?
3, 5, 11
List the prime factors of 94.
2, 47
List the prime factors of 21905.
5, 13, 337
What are the prime factors of 5232?
2, 3, 109
List the prime factors of 4751.
4751
What are the prime factors of 10722?
2, 3, 1787
What are the prime factors of 144?
2, 3
List the prime factors of 5379.
3, 11, 163
What are the prime factors of 978?
2, 3, 163
List the prime factors of 949.
13, 73
What are the prime factors of 1886?
2, 23, 41
List the prime factors of 10346.
2, 7, 739
What are the prime factors of 7620?
2, 3, 5, 127
List the prime factors of 98609.
7, 14087
What are the prime factors of 2227?
17, 131
List the prime factors of 42768.
2, 3, 11
What are the prime factors of 39?
3, 13
What are the prime factors of 58287?
3, 19429
What are the prime factors of 527?
17, 31
List the prime factors of 21474.
2, 3, 1193
List the prime factors of 166493.
331, 503
List the prime factors of 26294.
2, 13147
What are the prime factors of 1210?
2, 5, 11
What are the prime factors of 17368?
2, 13, 167
List the prime factors of 373.
373
List the prime factors of 34397.
11, 53, 59
What are the prime factors of 99729?
3, 7, 1583
List the prime factors of 178558.
2, 73, 1223
List the prime factors of 21805.
5, 7, 89
What are the prime factors of 28038?
2, 3, 4673
List the prime factors of 3723.
3, 17, 73
What are the prime factors of 776?
2, 97
List the prime factors of 34186.
2, 17093
List the prime factors of 85689.
3, 9521
List the prime factors of 23858.
2, 79, 151
List the prime factors of 1085.
5, 7, 31
What are the prime factors of 26991?
3, 2999
List the prime factors of 77469.
3, 7, 17, 31
What are the prime factors of 976?
2, 61
What are the prime factors of 518?
2, 7, 37
What are the prime factors of 732?
2, 3, 61
What are the prime factors of 97513?
13, 577
What are the prime factors of 111810?
2, 3, 5, 3727
List the prime factors of 4858.
2, 7, 347
List the prime factors of 64279.
64279
List the prime factors of 1539.
3, 19
List the prime factors of 371.
7, 53
What are the prime factors of 177364?
2, 11, 29, 139
What are the prime factors of 53815?
5, 47, 229
What are the prime factors of 77?
7, 11
What are the prime factors of 34018?
2, 73, 233
List the prime factors of 3264.
2, 3, 17
List the prime factors of 3518.
2, 1759
What are the prime factors of 6146?
2, 7, 439
List the prime factors of 18286.
2, 41, 223
List the prime factors of 7855.
5, 1571
List the prime factors of 14410.
2, 5, 11, 131
What are the prime factors of 2434?
2, 1217
List the prime factors of 9735.
3, 5, 11, 59
List the prime factors of 652.
2, 163
List the prime factors of 210.
2, 3, 5, 7
List the prime factors of 728.
2, 7, 13
List the prime factors of 21700.
2, 5, 7, 31
What are the prime factors of 7851?
3, 2617
What are the prime factors of 622?
2, 311
List the prime factors of 1590.
2, 3, 5, 53
What are the prime factors of 2432?
2, 19
List the prime factors of 42939.
3, 13, 367
List the prime factors of 10734.
2, 3, 1789
What are the prime factors of 60811?
60811
What are the prime factors of 2897?
2897
List the prime factors of 737.
11, 67
What are the prime factors of 1478?
2, 739
List the prime factors of 2592.
2, 3
List the prime factors of 1383.
3, 461
What are the prime factors of 155840?
2, 5, 487
List the prime factors of 61153.
61153
What are the prime factors of 1712?
2, 107
What are the prime factors of 413?
7, 59
What are the prime factors of 977?
977
What are the prime factors of 6570?
2, 3, 5, 73
List the prime factors of 5529.
3, 19, 97
What are the prime factors of 153?
3, 17
List the prime factors of 35.
5, 7
List the prime factors of 8880.
2, 3, 5, 37
What are the prime factors of 7955?
5, 37, 43
What are the prime factors of 1889?
1889
What are the prime factors of 3800?
2, 5, 19
List the prime factors of 15263.
15263
What are the prime factors of 9980?
2, 5, 499
What are the prime factors of 16588?
2, 11, 13, 29
What are the prime factors of 939?
3, 313
List the prime factors of 4123.
7, 19, 31
What are the prime factors of 46249?
7, 6607
List the prime factors of 4401.
3, 163
List the prime factors of 54703.
11, 4973
What are the prime factors of 960?
2, 3, 5
List the prime factors of 31389.
3, 10463
List the prime factors of 5187.
3, 7, 13, 19
What are the prime factors of 1742?
2, 13, 67
List the prime factors of 2822.
2, 17, 83
What are the prime factors of 1109?
1109
List the prime factors of 133345.
5, 26669
What are the prime factors of 37716?
2, 3, 7, 449
What are the prime factors of 27289?
29, 941
List the prime factors of 2062.
2, 1031
List the prime factors of 51466.
2, 25733
What are the prime factors of 11803?
11, 29, 37
List the prime factors of 91942.
2, 45971
What are the prime factors of 735?
3, 5, 7
List the prime factors of 60021.
3, 13, 19
List the prime factors of 16439.
17, 967
List the prime factors of 1062.
2, 3, 59
List the prime factors of 38884.
2, 9721
List the prime factors of 41416.
2, 31, 167
List the prime factors of 2494.
2, 29, 43
What are the prime factors of 3307?
3307
List the prime factors of 679.
7, 97
List the prime factors of 20974.
2, 10487
List the prime factors of 7323.
3, 2441
List the prime factors of 1250.
2, 5
List the prime factors of 6031.
37, 163
List the prime factors of 84457.
84457
What are the prime factors of 6664?
2, 7, 17
List the prime factors of 921.
3, 307
What are the prime factors of 83785?
5, 13, 1289
What are the prime factors of 213?
3, 71
List the prime factors of 27416.
2, 23, 149
What are the prime factors of 85788?
2, 3, 2383
What are the prime factors of 1187?
1187
List the prime factors of 141260.
2, 5, 7, 1009
What are the prime factors of 8398?
2, 13, 17, 19
What are the prime factors of 666?
2, 3, 37
List the prime factors of 84057.
3, 28019
What are the prime factors of 137345?
5, 13, 2113
What are the prime factors of 802?
2, 401
What are the prime factors of 578?
2, 17
What are the prime factors of 3939?
3, 13, 101
What are the prime factors of 397?
397
List the prime factors of 198.
2, 3, 11
What are the prime factors of 844?
2, 211
List the prime factors of 680.
2, 5, 17
List the prime factors of 1447.
1447
List the prime factors of 3551.
53, 67
List the prime factors of 7042.
2, 7, 503
What are the prime factors of 5114?
2, 2557
What are the prime factors of 1827?
3, 7, 29
List the prime factors of 10345.
5, 2069
List the prime factors of 22145.
5, 43, 103
List the prime factors of 13312.
2, 13
What are the prime factors of 5052?
2, 3, 421
List the prime factors of 3165.
3, 5, 211
List the prime factors of 10964.
2, 2741
List the prime factors of 4981.
17, 293
What are the prime factors of 2623?
43, 61
List the prime factors of 74687.
74687
What are the prime factors of 10845?
3, 5, 241
List the prime factors of 28122.
2, 3, 43, 109
What are the prime factors of 103236?
2, 3, 7, 1229
What are the prime factors of 967?
967
List the prime factors of 3443.
11, 313
What are the prime factors of 612?
2, 3, 17
List the prime factors of 2039.
2039
What are the prime factors of 962?
2, 13, 37
List the prime f